. Let s be (-2 + 3/1)*5. Suppose 42 = -2*t + s*t. What is the greatest common divisor of i and t?
14
Suppose -16 = 4*j, -n + 4*n + 2*j = 361. Suppose 5*h - n - 12 = 0. What is the highest common divisor of h and 9?
9
Suppose 0 = -2*w + 2*s - s + 140, -w + 60 = 2*s. Calculate the greatest common factor of w and 17.
17
Let y(d) = 3*d - 15. Let l be y(6). Calculate the highest common factor of l and 3.
3
Let g be (861/(-14))/((-1)/(-2)). Let w = g + 172. What is the highest common factor of 7 and w?
7
Let l be 3*(-3)/(-9) - -1. Let q be 1 + l - (-12)/(-4). Suppose -4*w = -2*t - 120, q = -4*w - 2*t + 100 + 36. Calculate the greatest common divisor of w and 4.
4
Let k(w) = -w + 1. Suppose 3*v = -4 + 10. Suppose -d + q + 0*q = 7, -3*q = -v*d - 19. Let y be k(d). What is the highest common divisor of y and 1?
1
Let o(t) = -2*t**3 - t**2 + 2. Let g be o(-2). Let x(r) = -r**3 + 2*r**2 + 56. Let y be x(0). What is the highest common divisor of g and y?
14
Suppose -8*b + 1280 = 384. Suppose 56 = 2*w + 2*w. What is the highest common factor of w and b?
14
Suppose 0 = -f - 3*g + 35, 0 = 2*f - 5*g - 47 - 78. What is the greatest common factor of f and 25?
25
Suppose 35 = 5*f + 10. Suppose 4*k - 42 = -p, 6*p - 2*p = -f*k + 124. What is the greatest common divisor of p and 65?
13
Let d be (-19)/(-2) - 6/(-4)*1. What is the greatest common divisor of 22 and d?
11
Let j = 48 + -102. Let w be -4 - j - (0 - 0). Calculate the greatest common divisor of w and 10.
10
Let v(b) = b**3 - 15*b**2 + 10. Let s be v(15). Calculate the highest common divisor of 80 and s.
10
Suppose -a = 4*a - 15. Suppose -5*q + 125 = 5*h, -4*q + 57 + 41 = 5*h. What is the highest common factor of a and q?
3
Let t(w) = -w**2 + 5*w**2 + 7 - 5*w**2 + w. Suppose 5*b - b + 3*i + 6 = 0, -4*i = -5*b + 8. Let y be t(b). Calculate the highest common factor of 21 and y.
7
Let l = 16 + -10. What is the greatest common factor of l and 6?
6
Suppose 0 = 11*g - 1547 - 1533. Calculate the greatest common divisor of 40 and g.
40
Let n be -3*(1 - (-120)/(-9)). Suppose -5*i + n = -43. Let h = i - 0. What is the greatest common divisor of h and 128?
16
Suppose 23*v - 21*v - 12 = 0. Calculate the highest common factor of v and 6.
6
Suppose -3*n - 1 = -4. Suppose 0 = -3*u + 5*u - 8. Suppose 5*v - 2*z = 3, u*v = -z - 0 + 5. Calculate the highest common divisor of v and n.
1
Let l(w) = -w**2 + 8*w - 5. Let g be l(7). Let k be (-4 + 0)/(g/(-12)). What is the greatest common factor of 16 and k?
8
Let m(h) = 4*h**2 - 2*h - 3. Let k be m(-2). Calculate the highest common divisor of 17 and k.
17
Suppose -58*d + 62*d = 320. Suppose -2*u + k = 2*u - 77, u + 4*k = 32. What is the highest common divisor of d and u?
20
Let k(g) = 2*g**2 + 8*g + 3. Let h be k(-6). Suppose 243 = -12*i + 13*i. What is the greatest common factor of h and i?
27
Suppose -5*v = -2*n - 2*v - 18, 5*n - 5*v + 35 = 0. Let u(d) = d**3 + 4*d**2 + d + 3. Let b be u(n). What is the greatest common divisor of b and 6?
3
Suppose 2*z - 10 + 0 = 0. What is the highest common divisor of 20 and z?
5
Let t(r) = r + 48. Let k be t(0). Suppose -18 - 2 = -3*s - 4*q, 4*s - 4*q - 64 = 0. Calculate the highest common factor of s and k.
12
Let s(u) = -2*u**2 - 38*u + 9. Let g be s(-19). What is the highest common factor of 45 and g?
9
Suppose 0 = 3*o - 2*q - 20, 0*q - 12 = -4*o - q. Suppose o*x + 4 + 4 = 0. Let u be x/6 + (-37)/(-3). What is the highest common divisor of u and 3?
3
Let u(s) = s**2 - 8*s + 11. Let n be u(10). What is the greatest common divisor of n and 155?
31
Let d = -783 - -1311. What is the greatest common factor of d and 48?
48
Let u(f) = f + 1. Suppose -j - 18 = -5*x, -5*j - 7 = x + 5. Let i be u(j). Let y be (-64)/(-10) + i/5. What is the highest common factor of 6 and y?
6
Let g be (-222)/(-8) + 1/4. Let p be (-30)/(-7) + (-23)/7 + 3. Calculate the highest common divisor of p and g.
4
Let q be (1/(-3))/((-1)/39). Let o = 18 + -5. Calculate the highest common factor of o and q.
13
Suppose q - s - 5 - 2 = 0, 2*q + 2*s + 2 = 0. Suppose -4*u - b = -144, -q*u = b + 2*b - 108. Calculate the greatest common divisor of u and 9.
9
Suppose -4*t + 3*z = -155, 5*t + 0*t - 150 = -5*z. What is the highest common factor of t and 14?
7
Let u be (33 - 2 - 4) + -2. What is the greatest common factor of u and 125?
25
Let s(x) = x**2 + 13*x + 4. Let p be s(-14). What is the greatest common divisor of p and 18?
18
Let m(p) = -p + 26. Let v be m(-10). What is the highest common factor of v and 288?
36
Let s be ((-10521)/28)/((-3)/8). Let f be 1/2 + s/12. What is the highest common factor of 12 and f?
12
Let o be (6 - 0)*1/2. Suppose -15 = -x - l + 2*l, -o*l - 17 = -x. Let q(r) = 4*r**2 - 55*r - 7. Let i be q(14). What is the highest common factor of i and x?
7
Let x be 4/1 + 2 + -3. Suppose 2*c = -x*q + 26, -3*q - 20 = -3*c + 2*q. Calculate the greatest common factor of 110 and c.
10
Let z be 24/(-20)*160/(-6). Suppose 4*c = -0*c - z. Let x(i) = 2*i**2 + 10*i + 8. Let r be x(c). What is the highest common factor of 14 and r?
14
Suppose 126 = 3*a + 3*b, 0*b + b = 2*a - 93. What is the greatest common divisor of a and 30?
15
Suppose -3*g = 3*c - 60, 4*c + 3*g = 44 + 38. Suppose r - 10 = c. Suppose 11*f - 6*f - 20 = 0. Calculate the greatest common divisor of r and f.
4
Let t be (-16)/(1 + 0/3). Let k = 8 - t. Suppose 2*q - 3*q + 60 = 0. Calculate the greatest common factor of k and q.
12
Suppose 0 = -3*x + 12 + 18. What is the highest common factor of x and 15?
5
Suppose -385*u = -383*u - 60. What is the highest common factor of 105 and u?
15
Let z(q) = 8*q**2 + 1 + 4*q + 2 + 5*q**2 - 6*q**2. Let o be z(5). Let c be -3 - (-4)/((-4)/(-21)). Calculate the greatest common factor of o and c.
18
Let n(u) = 6*u**2 - 5*u - 3. Let l be n(4). Let b = l + -5. Suppose -4*j = -0*j - b. Calculate the greatest common divisor of 187 and j.
17
Suppose 0 = 4*l - r - 27, -5 - 4 = -4*l - 5*r. Suppose -5*v = -v. Suppose -2*z - 4*j - j = v, -4*j - l = z. Calculate the highest common divisor of z and 10.
10
Let c(q) = -6*q - 22. Let f be c(-5). What is the highest common divisor of f and 1?
1
Suppose -n + 12 = -8. What is the highest common factor of 220 and n?
20
Suppose -q - 7 - 5 = 0. Let d be (q - -13)/((-2)/(-20)). What is the greatest common factor of d and 25?
5
Let k be (-3 + 2 - 0)*17. Let h = -12 - k. Suppose -i + 3 = b, 4*i - h*b - 18 = 12. What is the highest common factor of i and 1?
1
Suppose 0 + 5 = n. Suppose -4*o = 2*l - 6*l - 60, -n*o + 120 = 4*l. Calculate the greatest common divisor of o and 4.
4
Suppose i + 4*i + 40 = 0. Let x = 11 + i. Let v = 47 - 26. Calculate the greatest common divisor of x and v.
3
Let p = -10 + 6. Let y be (-1)/(p/(-10))*-2. What is the greatest common divisor of y and 5?
5
Let y(t) = 2*t + 27. Let l be y(-6). What is the greatest common divisor of l and 75?
15
Suppose 55*b = 52*b + 828. Calculate the highest common factor of b and 12.
12
Suppose -c = o - 3*o + 245, 0 = 3*o - 2*c - 370. Calculate the greatest common factor of o and 30.
30
Let h be 6/57 - 1700/(-95). What is the highest common divisor of h and 4?
2
Suppose -z + 3*s = 4*s - 71, 4*z = s + 264. Suppose -3*a + z = 4*r, 42 = 4*r - 5*a - 17. What is the highest common divisor of r and 64?
16
Let y = -11 + -7. Let z = 52 - y. Calculate the highest common factor of 10 and z.
10
Let o = 7 - 2. Calculate the greatest common factor of o and 85.
5
Let o be (1*-3)/(1/(-43)). Suppose -o = -5*h + 71. Suppose 2*y = 4*v - 20, 8*v - 3*v + 5*y = h. Calculate the highest common divisor of v and 9.
3
Suppose 2*p + 56 = 4*p. What is the highest common factor of p and 7?
7
Let m be (-2)/(-4) + (-6)/12. Suppose 0 = -m*i - 2*i + 12. Calculate the highest common factor of i and 48.
6
Let f be 14/(-2 + 0)*-5. Let j be 3/(-24) + (-82)/(-16). Calculate the greatest common factor of j and f.
5
Let b(z) = z**2 - 2*z - 4. Let n be b(4). Suppose k - 2*u = 3, -4*k + 14 = -n*u - 10. Calculate the greatest common factor of 81 and k.
9
Suppose -2*w + 56 = 4*j, -3*w - 48 - 12 = -3*j. What is the highest common factor of j and 2?
2
Let o(l) = 8*l**2 + 2*l + 4. Let z be o(-3). Let a = 3 + -1. Let t be (4 - a)/((-2)/(-28)). Calculate the greatest common factor of t and z.
14
Let u(w) = -w**2 + 7*w - 6. Let x be u(4)